{"id":17,"date":"2025-06-25T00:32:25","date_gmt":"2025-06-25T00:32:25","guid":{"rendered":"https:\/\/floridalux.conex2.me\/?page_id=17"},"modified":"2025-06-25T14:46:34","modified_gmt":"2025-06-25T19:46:34","slug":"comencemos","status":"publish","type":"page","link":"https:\/\/floridalux.conex2.me\/index.php\/comencemos\/","title":{"rendered":"Comencemos"},"content":{"rendered":"\t\t<div data-elementor-type=\"wp-page\" data-elementor-id=\"17\" class=\"elementor elementor-17\" data-elementor-post-type=\"page\">\n\t\t\t\t<div data-particle_enable=\"false\" data-particle-mobile-disabled=\"false\" class=\"elementor-element elementor-element-4685abd e-con-full e-flex e-con e-parent\" data-id=\"4685abd\" data-element_type=\"container\" data-settings=\"{&quot;background_background&quot;:&quot;classic&quot;,&quot;position&quot;:&quot;absolute&quot;}\">\n\t\t<div data-particle_enable=\"false\" data-particle-mobile-disabled=\"false\" class=\"elementor-element elementor-element-096f20a e-con-full e-flex e-con e-child\" data-id=\"096f20a\" data-element_type=\"container\" data-settings=\"{&quot;background_background&quot;:&quot;classic&quot;}\">\n\t\t<div data-particle_enable=\"false\" data-particle-mobile-disabled=\"false\" class=\"elementor-element elementor-element-dfeefa5 e-con-full e-flex e-con e-child\" data-id=\"dfeefa5\" data-element_type=\"container\">\n\t\t\t\t<\/div>\n\t\t\t\t<\/div>\n\t\t<div data-particle_enable=\"false\" data-particle-mobile-disabled=\"false\" class=\"elementor-element elementor-element-bf40da0 e-con-full e-flex e-con e-child\" data-id=\"bf40da0\" data-element_type=\"container\">\n\t\t<div data-particle_enable=\"false\" data-particle-mobile-disabled=\"false\" class=\"elementor-element elementor-element-b9321b9 e-con-full animated-slow e-flex elementor-invisible e-con e-child\" data-id=\"b9321b9\" data-element_type=\"container\" data-settings=\"{&quot;animation&quot;:&quot;fadeInUp&quot;}\">\n\t\t\t\t<div class=\"elementor-element elementor-element-c1ccfbe elementor-widget elementor-widget-heading\" data-id=\"c1ccfbe\" data-element_type=\"widget\" data-widget_type=\"heading.default\">\n\t\t\t\t<div class=\"elementor-widget-container\">\n\t\t\t\t\t<h3 class=\"elementor-heading-title elementor-size-default\">\u00bfQu\u00e9 Ofrecemos?<\/h3>\t\t\t\t<\/div>\n\t\t\t\t<\/div>\n\t\t\t\t<div class=\"elementor-element elementor-element-dbbde1f elementor-widget-divider--view-line elementor-widget elementor-widget-divider\" data-id=\"dbbde1f\" data-element_type=\"widget\" data-widget_type=\"divider.default\">\n\t\t\t\t<div class=\"elementor-widget-container\">\n\t\t\t\t\t\t\t<div class=\"elementor-divider\">\n\t\t\t<span class=\"elementor-divider-separator\">\n\t\t\t\t\t\t<\/span>\n\t\t<\/div>\n\t\t\t\t\t\t<\/div>\n\t\t\t\t<\/div>\n\t\t<div data-particle_enable=\"false\" data-particle-mobile-disabled=\"false\" class=\"elementor-element elementor-element-e44765f e-con-full e-flex e-con e-child\" data-id=\"e44765f\" data-element_type=\"container\">\n\t\t<div data-particle_enable=\"false\" data-particle-mobile-disabled=\"false\" class=\"elementor-element elementor-element-25eeb19 e-con-full e-flex e-con e-child\" data-id=\"25eeb19\" data-element_type=\"container\">\n\t\t\t\t<div class=\"elementor-element elementor-element-23f75de elementor-widget elementor-widget-heading\" data-id=\"23f75de\" data-element_type=\"widget\" data-widget_type=\"heading.default\">\n\t\t\t\t<div class=\"elementor-widget-container\">\n\t\t\t\t\t<h4 class=\"elementor-heading-title elementor-size-default\">En Florida Lux Capital, nos especializamos en ofrecer:<\/h4>\t\t\t\t<\/div>\n\t\t\t\t<\/div>\n\t\t\t\t<div class=\"elementor-element elementor-element-dc3527d elementor-widget elementor-widget-text-editor\" data-id=\"dc3527d\" data-element_type=\"widget\" data-widget_type=\"text-editor.default\">\n\t\t\t\t<div class=\"elementor-widget-container\">\n\t\t\t\t\t\t\t\t\t<p>\u25aa\ufe0f<strong>Propiedades de Lujo en Miami y Orlando:<\/strong> Desde penthouses frente al mar hasta residencias privadas en las mejores ubicaciones.<\/p><p><strong>\u25aa\ufe0fAsesor\u00eda Personalizada:<\/strong> Estrategias de inversi\u00f3n adaptadas a las metas y necesidades de cada cliente.<\/p><p><strong>\u25aa\ufe0fAcceso Exclusivo a Proyectos de Pre-construcci\u00f3n:<\/strong> Oportunidades para adquirir propiedades antes de su lanzamiento oficial.<\/p><p><strong>\u25aa\ufe0fGesti\u00f3n de Propiedades:<\/strong> Servicios de administraci\u00f3n y rentabilidad de inmuebles.<\/p>\t\t\t\t\t\t\t\t<\/div>\n\t\t\t\t<\/div>\n\t\t\t\t<\/div>\n\t\t<div data-particle_enable=\"false\" data-particle-mobile-disabled=\"false\" class=\"elementor-element elementor-element-1f15f15 e-con-full e-flex e-con e-child\" data-id=\"1f15f15\" data-element_type=\"container\">\n\t\t\t\t<div class=\"elementor-element elementor-element-eac92b9 elementor-widget elementor-widget-heading\" data-id=\"eac92b9\" data-element_type=\"widget\" data-widget_type=\"heading.default\">\n\t\t\t\t<div class=\"elementor-widget-container\">\n\t\t\t\t\t<h4 class=\"elementor-heading-title elementor-size-default\">Agendemos una Cita<\/h4>\t\t\t\t<\/div>\n\t\t\t\t<\/div>\n\t\t\t\t<div class=\"elementor-element elementor-element-505b015 eael-wpforms-labels-yes eael-wpforms-form-button-custom elementor-widget elementor-widget-eael-wpforms\" data-id=\"505b015\" data-element_type=\"widget\" data-widget_type=\"eael-wpforms.default\">\n\t\t\t\t<div class=\"elementor-widget-container\">\n\t\t\t\t\t            <div class=\"eael-contact-form eael-wpforms eael-wpforms-align-default\">\n                                <div class=\"wpforms-container wpforms-container-full wpforms-render-modern\" id=\"wpforms-246\"><form id=\"wpforms-form-246\" class=\"wpforms-validate wpforms-form wpforms-ajax-form\" data-formid=\"246\" method=\"post\" enctype=\"multipart\/form-data\" action=\"\/index.php\/wp-json\/wp\/v2\/pages\/17\" data-token=\"e86f9c9d29f0e727ae2c17410c931f5a\" data-token-time=\"1777367664\"><noscript class=\"wpforms-error-noscript\">Please enable JavaScript in your browser to complete this form.<\/noscript><div class=\"wpforms-hidden\" id=\"wpforms-error-noscript\">Please enable JavaScript in your browser to complete this form.<\/div><div class=\"wpforms-field-container\"><div id=\"wpforms-246-field_1-container\" class=\"wpforms-field wpforms-field-layout\" data-field-id=\"1\"><div class=\"wpforms-field-layout-rows wpforms-field-large\"><div class=\"wpforms-layout-row\"><div class=\"wpforms-layout-column wpforms-layout-column-50\"><div id=\"wpforms-246-field_2-container\" class=\"wpforms-field wpforms-field-text\" data-field-id=\"2\"><label class=\"wpforms-field-label\" for=\"wpforms-246-field_2\">Nombre <span class=\"wpforms-required-label\" aria-hidden=\"true\">*<\/span><\/label><input type=\"text\" id=\"wpforms-246-field_2\" class=\"wpforms-field-medium wpforms-field-required\" name=\"wpforms[fields][2]\" aria-errormessage=\"wpforms-246-field_2-error\" required><\/div><\/div><div class=\"wpforms-layout-column wpforms-layout-column-50\"><div id=\"wpforms-246-field_3-container\" class=\"wpforms-field wpforms-field-text\" data-field-id=\"3\"><label class=\"wpforms-field-label\" for=\"wpforms-246-field_3\">Apellido <span class=\"wpforms-required-label\" aria-hidden=\"true\">*<\/span><\/label><input type=\"text\" id=\"wpforms-246-field_3\" class=\"wpforms-field-medium wpforms-field-required\" name=\"wpforms[fields][3]\" aria-errormessage=\"wpforms-246-field_3-error\" required><\/div><\/div><\/div><\/div><\/div><div id=\"wpforms-246-field_4-container\" class=\"wpforms-field wpforms-field-layout\" data-field-id=\"4\"><div class=\"wpforms-field-layout-rows wpforms-field-large\"><div class=\"wpforms-layout-row\"><div class=\"wpforms-layout-column wpforms-layout-column-50\"><div id=\"wpforms-246-field_5-container\" class=\"wpforms-field wpforms-field-phone\" data-field-id=\"5\"><label class=\"wpforms-field-label\" for=\"wpforms-246-field_5\">Tel\u00e9fono <span class=\"wpforms-required-label\" aria-hidden=\"true\">*<\/span><\/label><input type=\"tel\" id=\"wpforms-246-field_5\" class=\"wpforms-field-medium wpforms-field-required wpforms-smart-phone-field\" data-rule-smart-phone-field=\"true\" name=\"wpforms[fields][5]\" aria-label=\"Tel\u00e9fono\" aria-errormessage=\"wpforms-246-field_5-error\" required><\/div><\/div><div class=\"wpforms-layout-column wpforms-layout-column-50\"><div id=\"wpforms-246-field_6-container\" class=\"wpforms-field wpforms-field-email\" data-field-id=\"6\"><label class=\"wpforms-field-label\" for=\"wpforms-246-field_6\">Email <span class=\"wpforms-required-label\" aria-hidden=\"true\">*<\/span><\/label><input type=\"email\" id=\"wpforms-246-field_6\" class=\"wpforms-field-medium wpforms-field-required\" name=\"wpforms[fields][6]\" spellcheck=\"false\" aria-errormessage=\"wpforms-246-field_6-error\" required><\/div><\/div><\/div><\/div><\/div><div id=\"wpforms-246-field_7-container\" class=\"wpforms-field wpforms-field-layout\" data-field-id=\"7\"><div class=\"wpforms-field-layout-rows wpforms-field-large\"><div class=\"wpforms-layout-row\"><div class=\"wpforms-layout-column wpforms-layout-column-50\"><div id=\"wpforms-246-field_9-container\" class=\"wpforms-field wpforms-field-checkbox\" data-field-id=\"9\"><fieldset><legend class=\"wpforms-field-label\">Motivo de la Reuni\u00f3n <span class=\"wpforms-required-label\" aria-hidden=\"true\">*<\/span><\/legend><ul id=\"wpforms-246-field_9\" class=\"wpforms-field-required\"><li class=\"choice-1 depth-1\"><input type=\"checkbox\" id=\"wpforms-246-field_9_1\" name=\"wpforms[fields][9][]\" value=\"Inversi\u00f3n\" aria-errormessage=\"wpforms-246-field_9_1-error\" required ><label class=\"wpforms-field-label-inline\" for=\"wpforms-246-field_9_1\">Inversi\u00f3n<\/label><\/li><li class=\"choice-2 depth-1\"><input type=\"checkbox\" id=\"wpforms-246-field_9_2\" name=\"wpforms[fields][9][]\" value=\"B\u00fasqueda de Inmuebles\" aria-errormessage=\"wpforms-246-field_9_2-error\" required ><label class=\"wpforms-field-label-inline\" for=\"wpforms-246-field_9_2\">B\u00fasqueda de Inmuebles<\/label><\/li><li class=\"choice-3 depth-1\"><input type=\"checkbox\" id=\"wpforms-246-field_9_3\" name=\"wpforms[fields][9][]\" value=\"Asesor\u00eda Inmobiliaria\" aria-errormessage=\"wpforms-246-field_9_3-error\" required ><label class=\"wpforms-field-label-inline\" for=\"wpforms-246-field_9_3\">Asesor\u00eda Inmobiliaria<\/label><\/li><\/ul><\/fieldset><\/div><\/div><div class=\"wpforms-layout-column wpforms-layout-column-50\"><div id=\"wpforms-246-field_10-container\" class=\"wpforms-field wpforms-field-date-time\" data-field-id=\"10\"><fieldset><legend class=\"wpforms-field-label\">Elige Fecha y Hora <span class=\"wpforms-required-label\" aria-hidden=\"true\">*<\/span><\/legend><div class=\"wpforms-field-row wpforms-field-medium\"><div class=\"wpforms-field-row-block wpforms-date-type-datepicker\"><div class=\"wpforms-datepicker-wrap\"><input type=\"text\" id=\"wpforms-246-field_10\" class=\"wpforms-field-date-time-date wpforms-datepicker wpforms-field-required\" data-date-format=\"m\/d\/Y\" data-limit-days=\"mon,tue,wed,thu,fri\" data-disable-past-dates=\"0\" data-input=\"true\" name=\"wpforms[fields][10][date]\" aria-errormessage=\"wpforms-246-field_10-error\" required><a title=\"Clear Date\" data-clear class=\"wpforms-datepicker-clear\" style=\"display:none;\"><\/a><\/div><label for=\"wpforms-246-field_10\" class=\"wpforms-field-sublabel after\">Date<\/label><\/div><div class=\"wpforms-field-row-block\"><input type=\"text\" id=\"wpforms-246-field_10-time\" class=\"wpforms-field-date-time-time wpforms-timepicker wpforms-field-required\" data-time-format=\"g:i A\" data-step=\"30\" data-rule-time12h=\"true\" data-min-time=\"09:00am\" data-max-time=\"05:00pm\" data-rule-time-limit=\"true\" name=\"wpforms[fields][10][time]\" aria-errormessage=\"wpforms-246-field_10-time-error\" required><label for=\"wpforms-246-field_10-time\" class=\"wpforms-field-sublabel after\">Time<\/label><\/div><\/div><\/fieldset><\/div><\/div><\/div><\/div><\/div><\/div><!-- .wpforms-field-container --><div class=\"wpforms-submit-container\" ><input type=\"hidden\" name=\"wpforms[id]\" value=\"246\"><input type=\"hidden\" name=\"page_title\" value=\"\"><input type=\"hidden\" name=\"page_url\" value=\"https:\/\/floridalux.conex2.me\/index.php\/wp-json\/wp\/v2\/pages\/17\"><button type=\"submit\" name=\"wpforms[submit]\" id=\"wpforms-submit-246\" class=\"wpforms-submit\" data-alt-text=\"Enviando...\" data-submit-text=\"Agendar\" aria-live=\"assertive\" value=\"wpforms-submit\">Agendar<\/button><img decoding=\"async\" src=\"https:\/\/floridalux.conex2.me\/wp-content\/plugins\/wpforms\/assets\/images\/submit-spin.svg\" class=\"wpforms-submit-spinner\" style=\"display: none;\" width=\"26\" height=\"26\" alt=\"Loading\"><\/div><\/form><\/div>  <!-- .wpforms-container -->            <\/div>\n\t\t\t\t<\/div>\n\t\t\t\t<\/div>\n\t\t\t\t<\/div>\n\t\t\t\t<\/div>\n\t\t\t\t<\/div>\n\t\t\t\t<\/div>\n\t\t<div data-particle_enable=\"false\" data-particle-mobile-disabled=\"false\" class=\"elementor-element elementor-element-60f00bd e-con-full e-flex e-con e-child\" data-id=\"60f00bd\" data-element_type=\"container\">\n\t\t<div data-particle_enable=\"false\" data-particle-mobile-disabled=\"false\" class=\"elementor-element elementor-element-6378e09 e-con-full e-flex e-con e-child\" data-id=\"6378e09\" data-element_type=\"container\">\n\t\t\t\t<div class=\"elementor-element elementor-element-cd3d93c elementor-widget elementor-widget-heading\" data-id=\"cd3d93c\" data-element_type=\"widget\" data-widget_type=\"heading.default\">\n\t\t\t\t<div class=\"elementor-widget-container\">\n\t\t\t\t\t<h2 class=\"elementor-heading-title elementor-size-default\">Descubre  Nuestros Proyectos<\/h2>\t\t\t\t<\/div>\n\t\t\t\t<\/div>\n\t\t\t\t<div class=\"elementor-element elementor-element-05e5615 elementor-widget-divider--view-line elementor-widget elementor-widget-divider\" data-id=\"05e5615\" data-element_type=\"widget\" data-widget_type=\"divider.default\">\n\t\t\t\t<div class=\"elementor-widget-container\">\n\t\t\t\t\t\t\t<div class=\"elementor-divider\">\n\t\t\t<span class=\"elementor-divider-separator\">\n\t\t\t\t\t\t<\/span>\n\t\t<\/div>\n\t\t\t\t\t\t<\/div>\n\t\t\t\t<\/div>\n\t\t<div data-particle_enable=\"false\" data-particle-mobile-disabled=\"false\" class=\"elementor-element elementor-element-c4adf41 e-con-full e-flex e-con e-child\" data-id=\"c4adf41\" data-element_type=\"container\">\n\t\t\t\t<div class=\"elementor-element elementor-element-ceca5a1 elementor-widget elementor-widget-ucaddon_content_grid2\" data-id=\"ceca5a1\" data-element_type=\"widget\" data-settings=\"{&quot;motion_fx_motion_fx_scrolling&quot;:&quot;yes&quot;,&quot;motion_fx_translateY_effect&quot;:&quot;yes&quot;,&quot;motion_fx_translateY_affectedRange&quot;:{&quot;unit&quot;:&quot;%&quot;,&quot;size&quot;:&quot;&quot;,&quot;sizes&quot;:{&quot;start&quot;:0,&quot;end&quot;:50}},&quot;motion_fx_translateY_speed&quot;:{&quot;unit&quot;:&quot;px&quot;,&quot;size&quot;:4,&quot;sizes&quot;:[]},&quot;motion_fx_devices&quot;:[&quot;desktop&quot;,&quot;tablet&quot;,&quot;mobile&quot;]}\" data-widget_type=\"ucaddon_content_grid2.default\">\n\t\t\t\t<div class=\"elementor-widget-container\">\n\t\t\t\t\t\n<!-- start Content Grid -->\n\t\t<link id='font-awesome-css' href='https:\/\/floridalux.conex2.me\/wp-content\/plugins\/unlimited-elements-for-elementor-premium\/assets_libraries\/font-awesome6\/fontawesome-all.min.css' type='text\/css' rel='stylesheet' >\n\t\t<link id='font-awesome-4-shim-css' href='https:\/\/floridalux.conex2.me\/wp-content\/plugins\/unlimited-elements-for-elementor-premium\/assets_libraries\/font-awesome6\/fontawesome-v4-shims.min.css' type='text\/css' rel='stylesheet' >\n\t\t<link id='fancybox-css' href='https:\/\/floridalux.conex2.me\/wp-content\/plugins\/unlimited-elements-for-elementor-premium\/assets_libraries\/fancybox3\/jquery.fancybox.min.css' type='text\/css' rel='stylesheet' >\n\n<style>\/* widget: Content Grid *\/\n\n\r\n@keyframes uc_content_grid2_elementor_ceca5a1__item-animation {\r\n  0% {\r\n            \r\n        \t        \tfilter: blur(10px);\r\n\t\t\t\r\n    \t    opacity: 0;\r\n  }\r\n  100% {\r\n            \r\n        \t            filter: blur(0px);\r\n            \r\n    \t\topacity: 1;\r\n  }\r\n}\r\n\r\n\r\n#uc_content_grid2_elementor_ceca5a1 .ue-item{\r\n\topacity:0;\r\n}\r\n\r\n\r\n#uc_content_grid2_elementor_ceca5a1 .uc-entrance-animate {\r\n  opacity:1;\r\n}\r\n\r\n#uc_content_grid2_elementor_ceca5a1 .uc-entrance-animate {\r\n\tanimation: uc_content_grid2_elementor_ceca5a1__item-animation 0.6s cubic-bezier(0.470, 0.000, 0.745, 0.715) both;\r\n}\r\n\r\n\t\t\t\n\n#uc_content_grid2_elementor_ceca5a1 * {\n\tbox-sizing: border-box;\t\n}\n\n#uc_content_grid2_elementor_ceca5a1 .uc_post_grid_style_one_wrap {\n\tdisplay: grid;\n}\n\n#uc_content_grid2_elementor_ceca5a1 .uc_post_grid_style_one_image {\n\twidth: 100%;\n\toverflow: hidden;\n\tdisplay: block;  \t\n}\n\n#uc_content_grid2_elementor_ceca5a1 .uc_post_image {\n\twidth: 100%;\n\theight: inherit;\n\tbackground-position: center center;\n\tbackground-repeat: no-repeat;\n\tdisplay: block;\n\ttransition: all 0.25s ease-in-out;\n}\n\n#uc_content_grid2_elementor_ceca5a1 .ue-image-holder a{\n  display:block;\n}\n\n#uc_content_grid2_elementor_ceca5a1 .ue-item{\n  position:relative;\n  overflow:hidden;\n}\n\n#uc_content_grid2_elementor_ceca5a1 .ue-item .uc_post_grid_style_one_item_full_item_link{\n  position: absolute;\n  width: 100%;\n  height: 100%;\n  left: 0;\n  top: 0;\n}\n\n#uc_content_grid2_elementor_ceca5a1 .ue-item-title{\n  width:100%;\n}\n\n#uc_content_grid2_elementor_ceca5a1 .ue-item-text{\n  width:100%;\n}\n\n#uc_content_grid2_elementor_ceca5a1 .uc_content{\n  display:flex;\n  flex-direction:column;\n}\n\n#uc_content_grid2_elementor_ceca5a1 .ue-content-wrapper{\n  width:100%;\n}\n\n#uc_content_grid2_elementor_ceca5a1 .ue-button{\n  margin-top:auto;\n}\n\n#uc_content_grid2_elementor_ceca5a1 .ue-button{\n  width:100%;\n}\n\n  #uc_content_grid2_elementor_ceca5a1 a.uc_more_btn{\n      align-items: center;\n      justify-content: center;\n      text-align: center;\n      transition: all 0.25s ease-in-out;\n  }\n  \n\n\n\n\n\n\n\n#uc_content_grid2_elementor_ceca5a1.uc-remote-parent .ue-item{\n  cursor:pointer;\n}\n\n#uc_content_grid2_elementor_ceca5a1 .uc_post_grid_style_one_search_wrap{\n  display: flex;  \n}\n\n#uc_content_grid2_elementor_ceca5a1 .uc_post_grid_style_one_search_container{\n  position: relative;\n}\n\n\n#uc_content_grid2_elementor_ceca5a1 ::-webkit-input-placeholder { \/* Edge *\/\n  color: #8f8f8f;\n}\n\n#uc_content_grid2_elementor_ceca5a1 :-ms-input-placeholder { \/* Internet Explorer 10-11 *\/\n  color: #8f8f8f;\n}\n\n#uc_content_grid2_elementor_ceca5a1 ::placeholder {\n  color: #8f8f8f;\n}\n\n#uc_content_grid2_elementor_ceca5a1 .uc_post_grid_style_one_next_button_pagination_button{\n      display: none;\n  }\n\n#uc_content_grid2_elementor_ceca5a1 .uc_post_grid_style_one_search_icon,\n#uc_content_grid2_elementor_ceca5a1 .uc_post_grid_style_one_reset_icon{\n\tposition: absolute;\n  \ttop: 50%;\n    transform: translate(0, -50%);\n    height: 100%;\n  \tdisplay: flex;\n    align-items: center;\n    justify-content: center;\n}\n\n#uc_content_grid2_elementor_ceca5a1 .uc_post_grid_style_one_reset_icon{\n  cursor: pointer;\n}\n\n\n\/* pagination *\/\n#uc_content_grid2_elementor_ceca5a1 .uc_post_grid_style_one_prev_button_pagination{\n  display: flex;\n  align-items: center;\n}\n\n#uc_content_grid2_elementor_ceca5a1 .uc_post_grid_style_one_pagination_button,\n#uc_content_grid2_elementor_ceca5a1 .uc_post_grid_style_one_pagination_number{\n  padding: 0;\n  justify-content: center;\n  align-items: center;\n  transition: all .3s ease;\n  margin: 0;\n}\n\n#uc_content_grid2_elementor_ceca5a1 .uc_post_grid_style_one_pagination_number:last-child,\n#uc_content_grid2_elementor_ceca5a1 .uc_post_grid_style_one_pagination_number:first-child{\n  display: inline-flex;\n  position: relative;\n}\n\n#uc_content_grid2_elementor_ceca5a1 .ue-hidden{\n  display: none;\n}\n\n#uc_content_grid2_elementor_ceca5a1 .ue-disabled{\n  opacity: .5;\n  pointer-events: none;\n}\n\n#uc_content_grid2_elementor_ceca5a1 .uc_post_grid_style_one_pagination_number.ue-visible{\n  display: inline-flex;\n}\n\n#uc_content_grid2_elementor_ceca5a1 .uc_post_grid_style_one_pagination_numbers{\n  display: flex;\n  flex-wrap: wrap;\n}\n\n#uc_content_grid2_elementor_ceca5a1 .uc_post_grid_style_one_prev_button_pagination_wrap{\n  display: flex;\n}\n\/* end pagination *\/\n\n<\/style>\n\n<div id=\"uc_content_grid2_elementor_ceca5a1\" class=\"uc_post_grid_style_one uc_items   \"   data-lightbox=\"false\">\n  \n    \n  <div class=\"uc_post_grid_style_one_wrap uc-items-wrapper\">\n          \n<div class=\"uc_post_grid_style_one_item ue-item \">\n     \n      <div class=\"uc_post_grid_style_one_image ue-image-holder\">\n                    <a class=\"uc_post_grid_style_one-link\" href=\"#\" >\n                      \n    <img fetchpriority=\"high\" decoding=\"async\" aria-role=\"img\" alt=\"img_miami_001\"  class=\"uc_post_image\" src=\"https:\/\/floridalux.conex2.me\/wp-content\/uploads\/2025\/06\/img_miami_001-768x768.webp\" src=\"https:\/\/floridalux.conex2.me\/wp-content\/uploads\/2025\/06\/img_miami_001-768x768.webp\" alt=\"img_miami_001\" width=\"768\" height=\"768\" >\n    <\/a>    <\/div>\n    \n  <div class=\"uc_content padding\">\n        \n    <div class=\"ue-content-wrapper\">\n      \n                      \t<div class=\"ue-item-title\">Miami<\/div>\n                    \n      <div class=\"ue-item-text\"><p>Inversi\u00f3n de lujo en la capital del sol. Propiedades frente al mar y desarrollos exclusivos con altos rendimientos en el mercado m\u00e1s din\u00e1mico de Florida.<\/p><\/div>      \n            \n    <\/div>\n    \n        \t<div class=\"uc_post_grid_style_one_button ue-button\">\n                     <a class=\"uc_more_btn\" href=\"#\" >Ver Proyectos<\/a>\n              \t<\/div>\n        \n  <\/div>\n<\/div>\n\n<div class=\"uc_post_grid_style_one_item ue-item \">\n     \n      <div class=\"uc_post_grid_style_one_image ue-image-holder\">\n                    <a class=\"uc_post_grid_style_one-link\" href=\"#\" >\n                      \n    <img decoding=\"async\" aria-role=\"img\" alt=\"img_orlando_001\"  class=\"uc_post_image\" src=\"https:\/\/floridalux.conex2.me\/wp-content\/uploads\/2025\/06\/img_orlando_001-768x768.webp\" src=\"https:\/\/floridalux.conex2.me\/wp-content\/uploads\/2025\/06\/img_orlando_001-768x768.webp\" alt=\"img_orlando_001\" width=\"768\" height=\"768\" >\n    <\/a>    <\/div>\n    \n  <div class=\"uc_content padding\">\n        \n    <div class=\"ue-content-wrapper\">\n      \n                      \t<div class=\"ue-item-title\">Orlando<\/div>\n                    \n      <div class=\"ue-item-text\"><p>Oportunidades en la ciudad del futuro. Desde residencias premium cerca de parques tem\u00e1ticos hasta comerciales estrat\u00e9gicos, con crecimiento garantizado a\u00f1o tras a\u00f1o<\/p><\/div>      \n            \n    <\/div>\n    \n        \t<div class=\"uc_post_grid_style_one_button ue-button\">\n                     <a class=\"uc_more_btn\" href=\"#\" >Ver Proyectos<\/a>\n              \t<\/div>\n        \n  <\/div>\n<\/div>\n\n<div class=\"uc_post_grid_style_one_item ue-item \">\n     \n      <div class=\"uc_post_grid_style_one_image ue-image-holder\">\n                    <a class=\"uc_post_grid_style_one-link\" href=\"#\" >\n                      \n    <img loading=\"lazy\" decoding=\"async\" aria-role=\"img\" alt=\"img_tampa_001\"  class=\"uc_post_image\" src=\"https:\/\/floridalux.conex2.me\/wp-content\/uploads\/2025\/06\/img_tampa_001-768x768.webp\" src=\"https:\/\/floridalux.conex2.me\/wp-content\/uploads\/2025\/06\/img_tampa_001-768x768.webp\" alt=\"img_tampa_001\" width=\"768\" height=\"768\" >\n    <\/a>    <\/div>\n    \n  <div class=\"uc_content padding\">\n        \n    <div class=\"ue-content-wrapper\">\n      \n                      \t<div class=\"ue-item-title\">Tampa Bay<\/div>\n                    \n      <div class=\"ue-item-text\"><p>Mercado en auge con proyecci\u00f3n s\u00f3lida. Adquiera propiedades inteligentes en zonas emergentes, perfectas para rentabilidad inmediata y apreciaci\u00f3n a largo plazo.<\/p><\/div>      \n            \n    <\/div>\n    \n        \t<div class=\"uc_post_grid_style_one_button ue-button\">\n                     <a class=\"uc_more_btn\" href=\"#\" >Ver Proyectos<\/a>\n              \t<\/div>\n        \n  <\/div>\n<\/div>\n\n      <\/div>  \n    \n<\/div>\n<!-- end Content Grid -->\t\t\t\t<\/div>\n\t\t\t\t<\/div>\n\t\t\t\t<\/div>\n\t\t\t\t<\/div>\n\t\t\t\t<\/div>\n\t\t\t\t<\/div>\n\t\t\t\t<\/div>\n\t\t","protected":false},"excerpt":{"rendered":"<p>\u00bfQu\u00e9 Ofrecemos? En Florida Lux Capital, nos especializamos en ofrecer: \u25aa\ufe0fPropiedades de Lujo en Miami y Orlando: Desde penthouses frente al mar hasta residencias privadas en las mejores ubicaciones. \u25aa\ufe0fAsesor\u00eda Personalizada: Estrategias de inversi\u00f3n adaptadas a las metas y necesidades de cada cliente. \u25aa\ufe0fAcceso Exclusivo a Proyectos de Pre-construcci\u00f3n: Oportunidades para adquirir propiedades antes de [&hellip;]<\/p>\n","protected":false},"author":1,"featured_media":0,"parent":0,"menu_order":0,"comment_status":"closed","ping_status":"closed","template":"","meta":{"footnotes":""},"class_list":["post-17","page","type-page","status-publish","hentry"],"_links":{"self":[{"href":"https:\/\/floridalux.conex2.me\/index.php\/wp-json\/wp\/v2\/pages\/17","targetHints":{"allow":["GET"]}}],"collection":[{"href":"https:\/\/floridalux.conex2.me\/index.php\/wp-json\/wp\/v2\/pages"}],"about":[{"href":"https:\/\/floridalux.conex2.me\/index.php\/wp-json\/wp\/v2\/types\/page"}],"author":[{"embeddable":true,"href":"https:\/\/floridalux.conex2.me\/index.php\/wp-json\/wp\/v2\/users\/1"}],"replies":[{"embeddable":true,"href":"https:\/\/floridalux.conex2.me\/index.php\/wp-json\/wp\/v2\/comments?post=17"}],"version-history":[{"count":58,"href":"https:\/\/floridalux.conex2.me\/index.php\/wp-json\/wp\/v2\/pages\/17\/revisions"}],"predecessor-version":[{"id":694,"href":"https:\/\/floridalux.conex2.me\/index.php\/wp-json\/wp\/v2\/pages\/17\/revisions\/694"}],"wp:attachment":[{"href":"https:\/\/floridalux.conex2.me\/index.php\/wp-json\/wp\/v2\/media?parent=17"}],"curies":[{"name":"wp","href":"https:\/\/api.w.org\/{rel}","templated":true}]}}