{"id":13,"date":"2025-06-25T00:31:54","date_gmt":"2025-06-25T00:31:54","guid":{"rendered":"https:\/\/floridalux.conex2.me\/?page_id=13"},"modified":"2025-06-25T14:44:46","modified_gmt":"2025-06-25T19:44:46","slug":"conocenos","status":"publish","type":"page","link":"https:\/\/floridalux.conex2.me\/index.php\/conocenos\/","title":{"rendered":"Con\u00f3cenos"},"content":{"rendered":"\t\t<div data-elementor-type=\"wp-page\" data-elementor-id=\"13\" class=\"elementor elementor-13\" data-elementor-post-type=\"page\">\n\t\t\t\t<div data-particle_enable=\"false\" data-particle-mobile-disabled=\"false\" class=\"elementor-element elementor-element-240d31b e-con-full e-flex e-con e-parent\" data-id=\"240d31b\" data-element_type=\"container\" data-settings=\"{&quot;background_background&quot;:&quot;classic&quot;,&quot;position&quot;:&quot;absolute&quot;}\">\n\t\t<div data-particle_enable=\"false\" data-particle-mobile-disabled=\"false\" class=\"elementor-element elementor-element-1ce8768 e-con-full e-flex e-con e-child\" data-id=\"1ce8768\" data-element_type=\"container\" data-settings=\"{&quot;background_background&quot;:&quot;classic&quot;}\">\n\t\t<div data-particle_enable=\"false\" data-particle-mobile-disabled=\"false\" class=\"elementor-element elementor-element-ef68c5e e-con-full e-flex e-con e-child\" data-id=\"ef68c5e\" data-element_type=\"container\">\n\t\t\t\t<\/div>\n\t\t\t\t<\/div>\n\t\t<div data-particle_enable=\"false\" data-particle-mobile-disabled=\"false\" class=\"elementor-element elementor-element-d7ebcba e-con-full e-flex e-con e-child\" data-id=\"d7ebcba\" data-element_type=\"container\">\n\t\t<div data-particle_enable=\"false\" data-particle-mobile-disabled=\"false\" class=\"elementor-element elementor-element-d412890 e-con-full e-flex e-con e-child\" data-id=\"d412890\" data-element_type=\"container\">\n\t\t\t\t<div class=\"elementor-element elementor-element-a352ac6 elementor-widget elementor-widget-heading\" data-id=\"a352ac6\" data-element_type=\"widget\" data-widget_type=\"heading.default\">\n\t\t\t\t<div class=\"elementor-widget-container\">\n\t\t\t\t\t<h3 class=\"elementor-heading-title elementor-size-default\">Somos tu equipo, descubre quienes somos<\/h3>\t\t\t\t<\/div>\n\t\t\t\t<\/div>\n\t\t\t\t<div class=\"elementor-element elementor-element-8d17354 elementor-widget-divider--view-line elementor-widget elementor-widget-divider\" data-id=\"8d17354\" data-element_type=\"widget\" data-widget_type=\"divider.default\">\n\t\t\t\t<div class=\"elementor-widget-container\">\n\t\t\t\t\t\t\t<div class=\"elementor-divider\">\n\t\t\t<span class=\"elementor-divider-separator\">\n\t\t\t\t\t\t<\/span>\n\t\t<\/div>\n\t\t\t\t\t\t<\/div>\n\t\t\t\t<\/div>\n\t\t<div data-particle_enable=\"false\" data-particle-mobile-disabled=\"false\" class=\"elementor-element elementor-element-a0ebd9b e-con-full e-flex e-con e-child\" data-id=\"a0ebd9b\" data-element_type=\"container\" data-settings=\"{&quot;motion_fx_motion_fx_scrolling&quot;:&quot;yes&quot;,&quot;motion_fx_translateY_effect&quot;:&quot;yes&quot;,&quot;motion_fx_translateY_affectedRange&quot;:{&quot;unit&quot;:&quot;%&quot;,&quot;size&quot;:&quot;&quot;,&quot;sizes&quot;:{&quot;start&quot;:0,&quot;end&quot;:51}},&quot;motion_fx_translateY_speed&quot;:{&quot;unit&quot;:&quot;px&quot;,&quot;size&quot;:4,&quot;sizes&quot;:[]},&quot;motion_fx_devices&quot;:[&quot;desktop&quot;,&quot;tablet&quot;,&quot;mobile&quot;]}\">\n\t\t<div data-particle_enable=\"false\" data-particle-mobile-disabled=\"false\" class=\"elementor-element elementor-element-b4b5ab9 e-con-full e-flex e-con e-child\" data-id=\"b4b5ab9\" data-element_type=\"container\">\n\t\t\t\t<div class=\"elementor-element elementor-element-51ce13a elementor-widget elementor-widget-image\" data-id=\"51ce13a\" data-element_type=\"widget\" data-widget_type=\"image.default\">\n\t\t\t\t<div class=\"elementor-widget-container\">\n\t\t\t\t\t\t\t\t\t\t\t\t\t\t\t<img fetchpriority=\"high\" decoding=\"async\" width=\"1080\" height=\"1080\" src=\"https:\/\/floridalux.conex2.me\/wp-content\/uploads\/2025\/06\/andreina-img_v02.png\" class=\"attachment-full size-full wp-image-367\" alt=\"\" srcset=\"https:\/\/floridalux.conex2.me\/wp-content\/uploads\/2025\/06\/andreina-img_v02.png 1080w, https:\/\/floridalux.conex2.me\/wp-content\/uploads\/2025\/06\/andreina-img_v02-300x300.png 300w, https:\/\/floridalux.conex2.me\/wp-content\/uploads\/2025\/06\/andreina-img_v02-1024x1024.png 1024w, https:\/\/floridalux.conex2.me\/wp-content\/uploads\/2025\/06\/andreina-img_v02-150x150.png 150w, https:\/\/floridalux.conex2.me\/wp-content\/uploads\/2025\/06\/andreina-img_v02-768x768.png 768w\" sizes=\"(max-width: 1080px) 100vw, 1080px\" \/>\t\t\t\t\t\t\t\t\t\t\t\t\t\t\t<\/div>\n\t\t\t\t<\/div>\n\t\t\t\t<div class=\"elementor-element elementor-element-b4565dc elementor-widget elementor-widget-heading\" data-id=\"b4565dc\" data-element_type=\"widget\" data-widget_type=\"heading.default\">\n\t\t\t\t<div class=\"elementor-widget-container\">\n\t\t\t\t\t<h4 class=\"elementor-heading-title elementor-size-default\">Andre\u00edna Herrera<\/h4>\t\t\t\t<\/div>\n\t\t\t\t<\/div>\n\t\t\t\t<div class=\"elementor-element elementor-element-3875a9a elementor-widget elementor-widget-heading\" data-id=\"3875a9a\" data-element_type=\"widget\" data-widget_type=\"heading.default\">\n\t\t\t\t<div class=\"elementor-widget-container\">\n\t\t\t\t\t<h6 class=\"elementor-heading-title elementor-size-default\">- Broker Associate -<\/h6>\t\t\t\t<\/div>\n\t\t\t\t<\/div>\n\t\t\t\t<div class=\"elementor-element elementor-element-e088ed5 elementor-widget__width-initial elementor-widget elementor-widget-text-editor\" data-id=\"e088ed5\" data-element_type=\"widget\" data-widget_type=\"text-editor.default\">\n\t\t\t\t<div class=\"elementor-widget-container\">\n\t\t\t\t\t\t\t\t\t<p>Soy Andre\u00edna Herrera, mam\u00e1, broker y una apasionada total del real estate en Orlando. No vendo casas, \u00a1te ayudo a crear inversiones rentables! Mi objetivo es que tu dinero trabaje por ti, sin preocupaciones. Con m\u00e1s de 10 a\u00f1os de experiencia, he aprendido que el \u00e9xito en las inversiones inmobiliarias est\u00e1 en la planificaci\u00f3n y en aprovechar las oportunidades correctas en el momento adecuado.<\/p>\t\t\t\t\t\t\t\t<\/div>\n\t\t\t\t<\/div>\n\t\t\t\t<\/div>\n\t\t<div data-particle_enable=\"false\" data-particle-mobile-disabled=\"false\" class=\"elementor-element elementor-element-69af2a4 e-con-full e-flex e-con e-child\" data-id=\"69af2a4\" data-element_type=\"container\">\n\t\t\t\t<div class=\"elementor-element elementor-element-2fd8eea elementor-widget elementor-widget-image\" data-id=\"2fd8eea\" data-element_type=\"widget\" data-widget_type=\"image.default\">\n\t\t\t\t<div class=\"elementor-widget-container\">\n\t\t\t\t\t\t\t\t\t\t\t\t\t\t\t<img decoding=\"async\" width=\"1080\" height=\"1080\" src=\"https:\/\/floridalux.conex2.me\/wp-content\/uploads\/2025\/06\/eliza-img_v02.png\" class=\"attachment-full size-full wp-image-371\" alt=\"\" srcset=\"https:\/\/floridalux.conex2.me\/wp-content\/uploads\/2025\/06\/eliza-img_v02.png 1080w, https:\/\/floridalux.conex2.me\/wp-content\/uploads\/2025\/06\/eliza-img_v02-300x300.png 300w, https:\/\/floridalux.conex2.me\/wp-content\/uploads\/2025\/06\/eliza-img_v02-1024x1024.png 1024w, https:\/\/floridalux.conex2.me\/wp-content\/uploads\/2025\/06\/eliza-img_v02-150x150.png 150w, https:\/\/floridalux.conex2.me\/wp-content\/uploads\/2025\/06\/eliza-img_v02-768x768.png 768w\" sizes=\"(max-width: 1080px) 100vw, 1080px\" \/>\t\t\t\t\t\t\t\t\t\t\t\t\t\t\t<\/div>\n\t\t\t\t<\/div>\n\t\t\t\t<div class=\"elementor-element elementor-element-64228f3 elementor-widget elementor-widget-heading\" data-id=\"64228f3\" data-element_type=\"widget\" data-widget_type=\"heading.default\">\n\t\t\t\t<div class=\"elementor-widget-container\">\n\t\t\t\t\t<h4 class=\"elementor-heading-title elementor-size-default\">Eliza A\u00f1ez<\/h4>\t\t\t\t<\/div>\n\t\t\t\t<\/div>\n\t\t\t\t<div class=\"elementor-element elementor-element-9b951dd elementor-widget elementor-widget-heading\" data-id=\"9b951dd\" data-element_type=\"widget\" data-widget_type=\"heading.default\">\n\t\t\t\t<div class=\"elementor-widget-container\">\n\t\t\t\t\t<h6 class=\"elementor-heading-title elementor-size-default\">- Broker Associate -<\/h6>\t\t\t\t<\/div>\n\t\t\t\t<\/div>\n\t\t\t\t<div class=\"elementor-element elementor-element-202113c elementor-widget__width-initial elementor-widget elementor-widget-text-editor\" data-id=\"202113c\" data-element_type=\"widget\" data-widget_type=\"text-editor.default\">\n\t\t\t\t<div class=\"elementor-widget-container\">\n\t\t\t\t\t\t\t\t\t<p>Soy Eliza A\u00f1ez, especialista en bienes ra\u00edces en el sur de la Florida y una firme creyente de que todos podemos construir un legado a trav\u00e9s de inversiones inteligentes. Para m\u00ed, el real estate no es solo vender propiedades, es crear oportunidades que cambien vidas.<\/p>\t\t\t\t\t\t\t\t<\/div>\n\t\t\t\t<\/div>\n\t\t\t\t<\/div>\n\t\t\t\t<\/div>\n\t\t\t\t<\/div>\n\t\t<div data-particle_enable=\"false\" data-particle-mobile-disabled=\"false\" class=\"elementor-element elementor-element-661db62 e-con-full e-flex e-con e-child\" data-id=\"661db62\" data-element_type=\"container\">\n\t\t<div data-particle_enable=\"false\" data-particle-mobile-disabled=\"false\" class=\"elementor-element elementor-element-7218ab2 e-con-full e-flex e-con e-child\" data-id=\"7218ab2\" data-element_type=\"container\">\n\t\t\t\t<div class=\"elementor-element elementor-element-07019fb elementor-widget elementor-widget-heading\" data-id=\"07019fb\" data-element_type=\"widget\" data-widget_type=\"heading.default\">\n\t\t\t\t<div class=\"elementor-widget-container\">\n\t\t\t\t\t<h3 class=\"elementor-heading-title elementor-size-default\">\u00bfQu\u00e9 nos define?<\/h3>\t\t\t\t<\/div>\n\t\t\t\t<\/div>\n\t\t\t\t<div class=\"elementor-element elementor-element-55046db elementor-widget-divider--view-line elementor-widget elementor-widget-divider\" data-id=\"55046db\" data-element_type=\"widget\" data-widget_type=\"divider.default\">\n\t\t\t\t<div class=\"elementor-widget-container\">\n\t\t\t\t\t\t\t<div class=\"elementor-divider\">\n\t\t\t<span class=\"elementor-divider-separator\">\n\t\t\t\t\t\t<\/span>\n\t\t<\/div>\n\t\t\t\t\t\t<\/div>\n\t\t\t\t<\/div>\n\t\t<div data-particle_enable=\"false\" data-particle-mobile-disabled=\"false\" class=\"elementor-element elementor-element-608a800 e-con-full e-flex e-con e-child\" data-id=\"608a800\" data-element_type=\"container\">\n\t\t<div data-particle_enable=\"false\" data-particle-mobile-disabled=\"false\" class=\"elementor-element elementor-element-db7be71 e-con-full animated-slow e-flex elementor-invisible e-con e-child\" data-id=\"db7be71\" data-element_type=\"container\" data-settings=\"{&quot;animation&quot;:&quot;fadeInUp&quot;}\">\n\t\t<div data-particle_enable=\"false\" data-particle-mobile-disabled=\"false\" class=\"elementor-element elementor-element-cc8bf20 e-con-full e-flex e-con e-child\" data-id=\"cc8bf20\" data-element_type=\"container\">\n\t\t\t\t<div class=\"elementor-element elementor-element-5498958 elementor-widget elementor-widget-image\" data-id=\"5498958\" data-element_type=\"widget\" data-widget_type=\"image.default\">\n\t\t\t\t<div class=\"elementor-widget-container\">\n\t\t\t\t\t\t\t\t\t\t\t\t\t\t\t<img decoding=\"async\" width=\"1080\" height=\"1080\" src=\"https:\/\/floridalux.conex2.me\/wp-content\/uploads\/2025\/06\/01_mision.jpg\" class=\"attachment-full size-full wp-image-405\" alt=\"\" srcset=\"https:\/\/floridalux.conex2.me\/wp-content\/uploads\/2025\/06\/01_mision.jpg 1080w, https:\/\/floridalux.conex2.me\/wp-content\/uploads\/2025\/06\/01_mision-300x300.jpg 300w, https:\/\/floridalux.conex2.me\/wp-content\/uploads\/2025\/06\/01_mision-1024x1024.jpg 1024w, https:\/\/floridalux.conex2.me\/wp-content\/uploads\/2025\/06\/01_mision-150x150.jpg 150w, https:\/\/floridalux.conex2.me\/wp-content\/uploads\/2025\/06\/01_mision-768x768.jpg 768w\" sizes=\"(max-width: 1080px) 100vw, 1080px\" \/>\t\t\t\t\t\t\t\t\t\t\t\t\t\t\t<\/div>\n\t\t\t\t<\/div>\n\t\t\t\t<\/div>\n\t\t<div data-particle_enable=\"false\" data-particle-mobile-disabled=\"false\" class=\"elementor-element elementor-element-da4745c e-con-full e-flex e-con e-child\" data-id=\"da4745c\" data-element_type=\"container\">\n\t\t\t\t<div class=\"elementor-element elementor-element-ab3830d elementor-widget elementor-widget-heading\" data-id=\"ab3830d\" data-element_type=\"widget\" data-widget_type=\"heading.default\">\n\t\t\t\t<div class=\"elementor-widget-container\">\n\t\t\t\t\t<h3 class=\"elementor-heading-title elementor-size-default\">Misi\u00f3n<\/h3>\t\t\t\t<\/div>\n\t\t\t\t<\/div>\n\t\t\t\t<div class=\"elementor-element elementor-element-54d22d6 elementor-widget elementor-widget-text-editor\" data-id=\"54d22d6\" data-element_type=\"widget\" data-widget_type=\"text-editor.default\">\n\t\t\t\t<div class=\"elementor-widget-container\">\n\t\t\t\t\t\t\t\t\t<p>Nuestra misi\u00f3n en Florida Lux Capital es ofrecer a nuestros clientes las mejores oportunidades de inversi\u00f3n en bienes ra\u00edces de lujo. Creemos que el lujo no es solo una propiedad, si no una experiencia y un estilo de vida. Nos enfocamos en asesorar a nuestros inversores con estrategias personalizadas para maximizar su rentabilidad mientras disfrutan de un entorno \u00fanico y exclusivo!<\/p>\t\t\t\t\t\t\t\t<\/div>\n\t\t\t\t<\/div>\n\t\t\t\t<\/div>\n\t\t\t\t<\/div>\n\t\t<div data-particle_enable=\"false\" data-particle-mobile-disabled=\"false\" class=\"elementor-element elementor-element-fa839d8 e-con-full animated-slow e-flex elementor-invisible e-con e-child\" data-id=\"fa839d8\" data-element_type=\"container\" data-settings=\"{&quot;animation&quot;:&quot;fadeInUp&quot;}\">\n\t\t<div data-particle_enable=\"false\" data-particle-mobile-disabled=\"false\" class=\"elementor-element elementor-element-b7d0971 e-con-full e-flex e-con e-child\" data-id=\"b7d0971\" data-element_type=\"container\">\n\t\t\t\t<div class=\"elementor-element elementor-element-22051ad elementor-widget elementor-widget-heading\" data-id=\"22051ad\" data-element_type=\"widget\" data-widget_type=\"heading.default\">\n\t\t\t\t<div class=\"elementor-widget-container\">\n\t\t\t\t\t<h3 class=\"elementor-heading-title elementor-size-default\">Visi\u00f3n<\/h3>\t\t\t\t<\/div>\n\t\t\t\t<\/div>\n\t\t\t\t<div class=\"elementor-element elementor-element-e55101f elementor-widget elementor-widget-text-editor\" data-id=\"e55101f\" data-element_type=\"widget\" data-widget_type=\"text-editor.default\">\n\t\t\t\t<div class=\"elementor-widget-container\">\n\t\t\t\t\t\t\t\t\t<p>Como visi\u00f3n buscamos ser l\u00edderes en el mercado de inversiones inmobiliarias de lujo en Florida, destac\u00e1ndonos por nuestra innovaci\u00f3n, transparencia y capacidad de transformar propiedades premium en oportunidades rentables para nuestros clientes.<\/p>\t\t\t\t\t\t\t\t<\/div>\n\t\t\t\t<\/div>\n\t\t\t\t<\/div>\n\t\t<div data-particle_enable=\"false\" data-particle-mobile-disabled=\"false\" class=\"elementor-element elementor-element-6e5cb04 e-con-full e-flex e-con e-child\" data-id=\"6e5cb04\" data-element_type=\"container\">\n\t\t\t\t<div class=\"elementor-element elementor-element-2e3f3bd elementor-widget elementor-widget-image\" data-id=\"2e3f3bd\" data-element_type=\"widget\" data-widget_type=\"image.default\">\n\t\t\t\t<div class=\"elementor-widget-container\">\n\t\t\t\t\t\t\t\t\t\t\t\t\t\t\t<img loading=\"lazy\" decoding=\"async\" width=\"1080\" height=\"1080\" src=\"https:\/\/floridalux.conex2.me\/wp-content\/uploads\/2025\/06\/02_vision.jpg\" class=\"attachment-full size-full wp-image-415\" alt=\"\" srcset=\"https:\/\/floridalux.conex2.me\/wp-content\/uploads\/2025\/06\/02_vision.jpg 1080w, https:\/\/floridalux.conex2.me\/wp-content\/uploads\/2025\/06\/02_vision-300x300.jpg 300w, https:\/\/floridalux.conex2.me\/wp-content\/uploads\/2025\/06\/02_vision-1024x1024.jpg 1024w, https:\/\/floridalux.conex2.me\/wp-content\/uploads\/2025\/06\/02_vision-150x150.jpg 150w, https:\/\/floridalux.conex2.me\/wp-content\/uploads\/2025\/06\/02_vision-768x768.jpg 768w\" sizes=\"(max-width: 1080px) 100vw, 1080px\" \/>\t\t\t\t\t\t\t\t\t\t\t\t\t\t\t<\/div>\n\t\t\t\t<\/div>\n\t\t\t\t<\/div>\n\t\t\t\t<\/div>\n\t\t<div data-particle_enable=\"false\" data-particle-mobile-disabled=\"false\" class=\"elementor-element elementor-element-89883e2 e-con-full animated-slow e-flex elementor-invisible e-con e-child\" data-id=\"89883e2\" data-element_type=\"container\" data-settings=\"{&quot;animation&quot;:&quot;fadeInUp&quot;}\">\n\t\t<div data-particle_enable=\"false\" data-particle-mobile-disabled=\"false\" class=\"elementor-element elementor-element-e271c73 e-con-full e-flex e-con e-child\" data-id=\"e271c73\" data-element_type=\"container\">\n\t\t\t\t<div class=\"elementor-element elementor-element-4dfbeac elementor-widget elementor-widget-image\" data-id=\"4dfbeac\" data-element_type=\"widget\" data-widget_type=\"image.default\">\n\t\t\t\t<div class=\"elementor-widget-container\">\n\t\t\t\t\t\t\t\t\t\t\t\t\t\t\t<img loading=\"lazy\" decoding=\"async\" width=\"1080\" height=\"1080\" src=\"https:\/\/floridalux.conex2.me\/wp-content\/uploads\/2025\/06\/03_value.jpg\" class=\"attachment-full size-full wp-image-425\" alt=\"\" srcset=\"https:\/\/floridalux.conex2.me\/wp-content\/uploads\/2025\/06\/03_value.jpg 1080w, https:\/\/floridalux.conex2.me\/wp-content\/uploads\/2025\/06\/03_value-300x300.jpg 300w, https:\/\/floridalux.conex2.me\/wp-content\/uploads\/2025\/06\/03_value-1024x1024.jpg 1024w, https:\/\/floridalux.conex2.me\/wp-content\/uploads\/2025\/06\/03_value-150x150.jpg 150w, https:\/\/floridalux.conex2.me\/wp-content\/uploads\/2025\/06\/03_value-768x768.jpg 768w\" sizes=\"(max-width: 1080px) 100vw, 1080px\" \/>\t\t\t\t\t\t\t\t\t\t\t\t\t\t\t<\/div>\n\t\t\t\t<\/div>\n\t\t\t\t<\/div>\n\t\t<div data-particle_enable=\"false\" data-particle-mobile-disabled=\"false\" class=\"elementor-element elementor-element-b1cd07b e-con-full e-flex e-con e-child\" data-id=\"b1cd07b\" data-element_type=\"container\">\n\t\t\t\t<div class=\"elementor-element elementor-element-6783c52 elementor-widget elementor-widget-heading\" data-id=\"6783c52\" data-element_type=\"widget\" data-widget_type=\"heading.default\">\n\t\t\t\t<div class=\"elementor-widget-container\">\n\t\t\t\t\t<h3 class=\"elementor-heading-title elementor-size-default\">Valores<\/h3>\t\t\t\t<\/div>\n\t\t\t\t<\/div>\n\t\t\t\t<div class=\"elementor-element elementor-element-0f792d4 elementor-widget elementor-widget-text-editor\" data-id=\"0f792d4\" data-element_type=\"widget\" data-widget_type=\"text-editor.default\">\n\t\t\t\t<div class=\"elementor-widget-container\">\n\t\t\t\t\t\t\t\t\t<p><strong>Integridad:<\/strong> Operamos con honestidad y transparencia en cada transacci\u00f3n.<\/p><p><strong>Excelencia:<\/strong> Nos comprometemos a ofrecer un servicio de primera clase a nuestros clientes.<\/p><p><strong>Innovaci\u00f3n:<\/strong> Aprovechamos las \u00faltimas tecnolog\u00edas y herramientas para maximizar el potencial de cada inversi\u00f3n.<\/p><p><strong>Atenci\u00f3n Personalizada:<\/strong> Entendemos que cada cliente es \u00fanico, por lo que ofrecemos asesor\u00edas a medida.<\/p>\t\t\t\t\t\t\t\t<\/div>\n\t\t\t\t<\/div>\n\t\t\t\t<\/div>\n\t\t\t\t<\/div>\n\t\t\t\t<\/div>\n\t\t\t\t<\/div>\n\t\t\t\t<\/div>\n\t\t\t\t<\/div>\n\t\t\t\t<\/div>\n\t\t\t\t<\/div>\n\t\t","protected":false},"excerpt":{"rendered":"<p>Somos tu equipo, descubre quienes somos Andre\u00edna Herrera &#8211; Broker Associate &#8211; Soy Andre\u00edna Herrera, mam\u00e1, broker y una apasionada total del real estate en Orlando. No vendo casas, \u00a1te ayudo a crear inversiones rentables! Mi objetivo es que tu dinero trabaje por ti, sin preocupaciones. Con m\u00e1s de 10 a\u00f1os de experiencia, he aprendido [&hellip;]<\/p>\n","protected":false},"author":1,"featured_media":0,"parent":0,"menu_order":0,"comment_status":"closed","ping_status":"closed","template":"","meta":{"footnotes":""},"class_list":["post-13","page","type-page","status-publish","hentry"],"_links":{"self":[{"href":"https:\/\/floridalux.conex2.me\/index.php\/wp-json\/wp\/v2\/pages\/13","targetHints":{"allow":["GET"]}}],"collection":[{"href":"https:\/\/floridalux.conex2.me\/index.php\/wp-json\/wp\/v2\/pages"}],"about":[{"href":"https:\/\/floridalux.conex2.me\/index.php\/wp-json\/wp\/v2\/types\/page"}],"author":[{"embeddable":true,"href":"https:\/\/floridalux.conex2.me\/index.php\/wp-json\/wp\/v2\/users\/1"}],"replies":[{"embeddable":true,"href":"https:\/\/floridalux.conex2.me\/index.php\/wp-json\/wp\/v2\/comments?post=13"}],"version-history":[{"count":154,"href":"https:\/\/floridalux.conex2.me\/index.php\/wp-json\/wp\/v2\/pages\/13\/revisions"}],"predecessor-version":[{"id":691,"href":"https:\/\/floridalux.conex2.me\/index.php\/wp-json\/wp\/v2\/pages\/13\/revisions\/691"}],"wp:attachment":[{"href":"https:\/\/floridalux.conex2.me\/index.php\/wp-json\/wp\/v2\/media?parent=13"}],"curies":[{"name":"wp","href":"https:\/\/api.w.org\/{rel}","templated":true}]}}